{"id":12,"date":"2013-05-31T11:57:37","date_gmt":"2013-05-31T11:57:37","guid":{"rendered":"http:\/\/impreza.us-themes.net\/pages\/about\/"},"modified":"2021-01-25T12:18:37","modified_gmt":"2021-01-25T12:18:37","slug":"about","status":"publish","type":"page","link":"https:\/\/demo.webmediaplus.com\/icras\/about\/","title":{"rendered":"Acerca de ICRAS"},"content":{"rendered":"<section class=\"l-section wpb_row us_custom_27c56005 height_custom has_text_color\"><div class=\"l-section-h i-cf\"><div class=\"g-cols vc_row type_default valign_top\"><div class=\"vc_col-sm-2 wpb_column vc_column_container\"><div class=\"vc_column-inner\"><div class=\"wpb_wrapper\"><\/div><\/div><\/div><div class=\"vc_col-sm-8 wpb_column vc_column_container\"><div class=\"vc_column-inner\"><div class=\"wpb_wrapper\"><div class=\"wpb_text_column\" ><div class=\"wpb_wrapper\"><h1 style=\"text-align: center;\">Contenidos y herramientas online que <strong>hacen mejores profesionales<\/strong><\/h1>\n<\/div><\/div><div class=\"w-separator size_small\"><\/div><div class=\"w-iconbox iconpos_top style_default color_custom align_center no_title no_text\"><a href=\"#intro\" class=\"w-iconbox-link\" aria-label=\"far|chevron-down\"><div class=\"w-iconbox-icon\" style=\"font-size:2rem;color:#ffffff;\"><i class=\"far fa-chevron-down\"><\/i><\/div><\/a><div class=\"w-iconbox-meta\"><\/div><\/div><\/div><\/div><\/div><div class=\"vc_col-sm-2 wpb_column vc_column_container\"><div class=\"vc_column-inner\"><div class=\"wpb_wrapper\"><\/div><\/div><\/div><\/div><\/div><\/section><section class=\"l-section wpb_row height_custom color_alternate\" id=\"intro\"><div class=\"l-section-h i-cf\"><div class=\"g-cols vc_row type_default valign_top\"><div class=\"vc_col-sm-2 wpb_column vc_column_container\"><div class=\"vc_column-inner\"><div class=\"wpb_wrapper\"><\/div><\/div><\/div><div class=\"vc_col-sm-8 wpb_column vc_column_container\"><div class=\"vc_column-inner\"><div class=\"wpb_wrapper\"><div class=\"wpb_text_column\" ><div class=\"wpb_wrapper\"><p style=\"text-align: center;\">Flexible, permanente y apoyados en la tecnolog\u00eda. As\u00ed es como concebimos la forma en que los profesionales deben actualizarse en la era de la interactividad, el conocimiento especializado y la competitividad.<\/p>\n<blockquote>\n<p style=\"text-align: center;\">Nacimos para ayudarte a adquirir nuevas competencias y mejorar tu desempe\u00f1o, en el menor tiempo y de la forma m\u00e1s accesible.<\/p>\n<\/blockquote>\n<p style=\"text-align: center;\">Para eso, creamos un sistema de capacitaci\u00f3n en l\u00ednea donde proveemos contenidos educativos \u00fatiles e innovadores que abordan las \u00e1reas m\u00e1s demandadas por ejecutivos y empresarios: gerencia, marketing, administraci\u00f3n y finanzas.<\/p>\n<h2 style=\"text-align: center;\"><strong>\u00bfQu\u00e9 nos diferencia? <\/strong><\/h2>\n<p style=\"text-align: center;\">Nuestras propuestas tem\u00e1ticas novedosas te har\u00e1n destacar entre los dem\u00e1s. Adem\u00e1s, nuestro conocimiento es accionable y necesitas invertir poco tiempo para estar al d\u00eda con las \u00faltimas tendencias y avances.<\/p>\n<\/div><\/div><div class=\"w-separator size_large\"><\/div><\/div><\/div><\/div><div class=\"vc_col-sm-2 wpb_column vc_column_container\"><div class=\"vc_column-inner\"><div class=\"wpb_wrapper\"><\/div><\/div><\/div><\/div><\/div><\/section>\n","protected":false},"excerpt":{"rendered":"Contenidos y herramientas online que hacen mejores profesionales Flexible, permanente y apoyados en la tecnolog\u00eda. As\u00ed es como concebimos la forma en que los profesionales deben actualizarse en la era de la interactividad, el conocimiento especializado y la competitividad. Nacimos para ayudarte a adquirir nuevas competencias y mejorar tu desempe\u00f1o, en el menor tiempo y...","protected":false},"author":1,"featured_media":0,"parent":0,"menu_order":0,"comment_status":"closed","ping_status":"closed","template":"","meta":[],"yoast_head":"<!-- This site is optimized with the Yoast SEO plugin v16.0.2 - https:\/\/yoast.com\/wordpress\/plugins\/seo\/ -->\n<title>Acerca de ICRAS - ICRAS<\/title>\n<meta name=\"robots\" content=\"noindex, follow, max-snippet:-1, max-image-preview:large, max-video-preview:-1\" \/>\n<meta property=\"og:locale\" content=\"es_ES\" \/>\n<meta property=\"og:type\" content=\"article\" \/>\n<meta property=\"og:title\" content=\"Acerca de ICRAS - ICRAS\" \/>\n<meta property=\"og:url\" content=\"https:\/\/demo.webmediaplus.com\/icras\/about\/\" \/>\n<meta property=\"og:site_name\" content=\"ICRAS\" \/>\n<meta property=\"article:modified_time\" content=\"2021-01-25T12:18:37+00:00\" \/>\n<meta name=\"twitter:card\" content=\"summary_large_image\" \/>\n<meta name=\"twitter:label1\" content=\"Tiempo de lectura\">\n\t<meta name=\"twitter:data1\" content=\"1 minuto\">\n<script type=\"application\/ld+json\" class=\"yoast-schema-graph\">{\"@context\":\"https:\/\/schema.org\",\"@graph\":[{\"@type\":\"WebSite\",\"@id\":\"https:\/\/demo.webmediaplus.com\/icras\/#website\",\"url\":\"https:\/\/demo.webmediaplus.com\/icras\/\",\"name\":\"ICRAS\",\"description\":\"Res\\u00famenes de libros empresariales\",\"potentialAction\":[{\"@type\":\"SearchAction\",\"target\":\"https:\/\/demo.webmediaplus.com\/icras\/?s={search_term_string}\",\"query-input\":\"required name=search_term_string\"}],\"inLanguage\":\"es\"},{\"@type\":\"WebPage\",\"@id\":\"https:\/\/demo.webmediaplus.com\/icras\/about\/#webpage\",\"url\":\"https:\/\/demo.webmediaplus.com\/icras\/about\/\",\"name\":\"Acerca de ICRAS - ICRAS\",\"isPartOf\":{\"@id\":\"https:\/\/demo.webmediaplus.com\/icras\/#website\"},\"datePublished\":\"2013-05-31T11:57:37+00:00\",\"dateModified\":\"2021-01-25T12:18:37+00:00\",\"breadcrumb\":{\"@id\":\"https:\/\/demo.webmediaplus.com\/icras\/about\/#breadcrumb\"},\"inLanguage\":\"es\",\"potentialAction\":[{\"@type\":\"ReadAction\",\"target\":[\"https:\/\/demo.webmediaplus.com\/icras\/about\/\"]}]},{\"@type\":\"BreadcrumbList\",\"@id\":\"https:\/\/demo.webmediaplus.com\/icras\/about\/#breadcrumb\",\"itemListElement\":[{\"@type\":\"ListItem\",\"position\":1,\"item\":{\"@type\":\"WebPage\",\"@id\":\"https:\/\/demo.webmediaplus.com\/icras\/\",\"url\":\"https:\/\/demo.webmediaplus.com\/icras\/\",\"name\":\"Home\"}},{\"@type\":\"ListItem\",\"position\":2,\"item\":{\"@type\":\"WebPage\",\"@id\":\"https:\/\/demo.webmediaplus.com\/icras\/about\/\",\"url\":\"https:\/\/demo.webmediaplus.com\/icras\/about\/\",\"name\":\"Acerca de ICRAS\"}}]}]}<\/script>\n<!-- \/ Yoast SEO plugin. -->","_links":{"self":[{"href":"https:\/\/demo.webmediaplus.com\/icras\/wp-json\/wp\/v2\/pages\/12"}],"collection":[{"href":"https:\/\/demo.webmediaplus.com\/icras\/wp-json\/wp\/v2\/pages"}],"about":[{"href":"https:\/\/demo.webmediaplus.com\/icras\/wp-json\/wp\/v2\/types\/page"}],"author":[{"embeddable":true,"href":"https:\/\/demo.webmediaplus.com\/icras\/wp-json\/wp\/v2\/users\/1"}],"replies":[{"embeddable":true,"href":"https:\/\/demo.webmediaplus.com\/icras\/wp-json\/wp\/v2\/comments?post=12"}],"version-history":[{"count":19,"href":"https:\/\/demo.webmediaplus.com\/icras\/wp-json\/wp\/v2\/pages\/12\/revisions"}],"predecessor-version":[{"id":7548,"href":"https:\/\/demo.webmediaplus.com\/icras\/wp-json\/wp\/v2\/pages\/12\/revisions\/7548"}],"wp:attachment":[{"href":"https:\/\/demo.webmediaplus.com\/icras\/wp-json\/wp\/v2\/media?parent=12"}],"curies":[{"name":"wp","href":"https:\/\/api.w.org\/{rel}","templated":true}]}}