{"id":27,"date":"2024-06-05T15:56:14","date_gmt":"2024-06-05T15:56:14","guid":{"rendered":"https:\/\/demo.webmediaplus.com\/avemsu\/registration\/"},"modified":"2024-09-17T12:22:21","modified_gmt":"2024-09-17T12:22:21","slug":"registration","status":"publish","type":"page","link":"https:\/\/demo.webmediaplus.com\/avemsu\/registration\/","title":{"rendered":"Unirse a la Academia Venezolana de Medicina del Sue\u00f1o"},"content":{"rendered":"<section class=\"l-section wpb_row height_auto\"><div class=\"l-section-h i-cf\"><div class=\"g-cols vc_row via_grid cols_1 laptops-cols_inherit tablets-cols_inherit mobiles-cols_1 valign_top type_default stacking_default\"><div class=\"wpb_column vc_column_container\"><div class=\"vc_column-inner\"><div class=\"wpb_text_column us_custom_014c7a1d\"><div class=\"wpb_wrapper\"><p><strong>Seleccione su tipo de perfil<\/strong><br \/>\n\u00bfQu\u00e9 tipo de perfil es adecuado para m\u00ed?<\/p>\n<\/div><\/div><div class=\"w-separator size_medium\"><\/div><div class=\"wpb_text_column\"><div class=\"wpb_wrapper\"><p><strong>Miembros<\/strong>: Los miembros activos de nuestra sociedad pueden ingresar con sus datos a nuestro portal exclusivo para acceder a conferencias, publicaciones cient\u00edficas incluyendo a la revista Sleep Medicine. Adem\u00e1s, podr\u00e1n disfrutar de nuestra tienda en l\u00ednea, mantenerse informados sobre nuestras actividades y recibir descuentos en congresos y jornadas nacionales.<\/p>\n<p><a href=\"https:\/\/demo.webmediaplus.com\/avemsu\/registro-miembros\/\">Para registrarse como <strong>MIEMBRO ingresar aqu\u00ed<\/strong><\/a><\/p>\n<p><strong>Suscriptores:<\/strong> Una cuenta de \u00absuscriptor\u00bb es una cuenta en l\u00ednea gratuita con la Academia Venezolana de Medicina del Sue\u00f1o, que le permite mantenerse al tanto de nuestras actividades, material acad\u00e9mico de acceso limitado y estatus de sus compras. No se incluyen beneficios para miembros.<\/p>\n<p><a href=\"https:\/\/demo.webmediaplus.com\/avemsu\/registro-de-suscriptores\/\">Para registrarse como <strong>SUSCRIPTOR ingresar aqu\u00ed<\/strong><\/a><\/p>\n<\/div><\/div><\/div><\/div><\/div><\/div><\/section>\n","protected":false},"excerpt":{"rendered":"Seleccione su tipo de perfil \u00bfQu\u00e9 tipo de perfil es adecuado para m\u00ed? Miembros: Los miembros activos de nuestra sociedad pueden ingresar con sus datos a nuestro portal exclusivo para acceder a conferencias, publicaciones cient\u00edficas incluyendo a la revista Sleep Medicine. Adem\u00e1s, podr\u00e1n disfrutar de nuestra tienda en l\u00ednea, mantenerse informados sobre nuestras actividades y...","protected":false},"author":1,"featured_media":0,"parent":0,"menu_order":0,"comment_status":"closed","ping_status":"closed","template":"","meta":{"footnotes":""},"class_list":["post-27","page","type-page","status-publish","hentry"],"_links":{"self":[{"href":"https:\/\/demo.webmediaplus.com\/avemsu\/wp-json\/wp\/v2\/pages\/27","targetHints":{"allow":["GET"]}}],"collection":[{"href":"https:\/\/demo.webmediaplus.com\/avemsu\/wp-json\/wp\/v2\/pages"}],"about":[{"href":"https:\/\/demo.webmediaplus.com\/avemsu\/wp-json\/wp\/v2\/types\/page"}],"author":[{"embeddable":true,"href":"https:\/\/demo.webmediaplus.com\/avemsu\/wp-json\/wp\/v2\/users\/1"}],"replies":[{"embeddable":true,"href":"https:\/\/demo.webmediaplus.com\/avemsu\/wp-json\/wp\/v2\/comments?post=27"}],"version-history":[{"count":9,"href":"https:\/\/demo.webmediaplus.com\/avemsu\/wp-json\/wp\/v2\/pages\/27\/revisions"}],"predecessor-version":[{"id":157,"href":"https:\/\/demo.webmediaplus.com\/avemsu\/wp-json\/wp\/v2\/pages\/27\/revisions\/157"}],"wp:attachment":[{"href":"https:\/\/demo.webmediaplus.com\/avemsu\/wp-json\/wp\/v2\/media?parent=27"}],"curies":[{"name":"wp","href":"https:\/\/api.w.org\/{rel}","templated":true}]}}